ds digit of s?
5
Let m(a) = -10*a**3 - 53*a**2 - 10*a - 23. What is the units digit of m(-7)?
0
Suppose 0 = 333*y - 329*y + 64. Let x(k) = 2*k**2 - 8*k + 66. What is the units digit of x(y)?
6
Let r(y) = -233*y + 272. Let g(s) = -78*s + 91. Let c(l) = 8*g(l) - 3*r(l). What is the hundreds digit of c(3)?
1
Let v be (-3)/6 + (-5)/(-10). Let l be (-2 - (v - 5))*(-524)/(-6). Suppose -2*j + i + 309 = 0, 2*j - l - 53 = -5*i. What is the units digit of j?
5
Let i(w) = 64*w + 306. Let v be i(-16). Let t = v + 1804. What is the hundreds digit of t?
0
Let f(x) = 8*x**2 + 99*x - 1553. What is the hundreds digit of f(-59)?
4
Suppose g = 9 - 7. Let j(u) = 2*u**3 - 29*u**2 + 20*u + 29. Let d(z) = -z**3 + 14*z**2 - 10*z - 14. Let i(n) = g*j(n) + 5*d(n). What is the tens digit of i(10)?
8
Let s(k) = 305*k + 1058. What is the tens digit of s(22)?
6
Suppose -117*c - 142*c + 962666 = -7526836. What is the tens digit of c?
7
Let u(l) = -22*l**3 - 9*l**2 - 11*l - 16. What is the tens digit of u(-6)?
7
Let f(d) be the third derivative of -d**6/120 + d**5/30 + d**4 + 29*d**2. Let h be f(6). Suppose 7*w - 84 = -h. What is the tens digit of w?
1
Let h(b) = -30 - 34 - 31*b - 37 + 13 + 21*b + 2*b**2. What is the hundreds digit of h(21)?
5
Let v be (-15098)/(-8) - (-5)/(-20). Suppose 0 = -d + 2*c + 742, -5*d + 0*d + 3*c + 3724 = 0. Suppose d = -7*m + v. What is the tens digit of m?
6
Let r = 4830 - -3496. What is the hundreds digit of r?
3
Let y be ((-4335)/68)/(9/(-96)). Suppose 0 = k + k - y. What is the tens digit of k?
4
What is the hundreds digit of 8890 + -7 + 13 + 11?
9
Let t be 2/(-6) + (-668)/12. What is the hundreds digit of 160/((-7)/t*(-1 - -3))?
6
Let f(h) = -4*h**3. Let c be f(1). Let i be (-3)/(-6)*-1*-4. What is the units digit of (14 - i)*(-19)/c?
7
Suppose -2*b = -4*u + 1740, -433 = -u - 2*b + 3*b. Suppose 2685 = 7*f - u. What is the units digit of f?
6
Let c(k) = -k**2 + 67*k - 10. Let u be c(22). Suppose 5*t - 4864 = -3*p, 6*p = t + 3*p - u. What is the tens digit of t?
7
What is the units digit of 14235/(-78)*456/(-10)?
2
Let g = 31 + -31. Suppose g = -5*d + 13 - 58. Let n = d - -42. What is the units digit of n?
3
Let s = 9060 + -7909. What is the thousands digit of s?
1
Suppose 14 = -4*f + 22. Let x(n) = -12 - 2*n**2 + n**f + 2*n**2 + 0. What is the hundreds digit of x(12)?
1
Suppose 2*q - 11546 = -4*z, -z - 6*q + q + 2909 = 0. Let d = z + -1952. What is the hundreds digit of d?
9
Suppose 5*v = -26*x + 23*x + 38043, 0 = 2*v - 12. What is the ten thousands digit of x?
1
Let c = -33109 - -57608. What is the hundreds digit of c?
4
Suppose 4*i - 105616 = 2*n, 3*n - 52808 = 28*i - 30*i. What is the ten thousands digit of i?
2
Suppose 349*f - 15857398 = 71*f. What is the thousands digit of f?
7
Let n = 1138 + -644. Suppose -501*a + n*a + 8869 = 0. What is the thousands digit of a?
1
Let r be (-3)/39 + 34932/(-156). Let c = r + 587. What is the tens digit of c?
6
Suppose y - 8 + 0 = 2*u, 0 = -5*y - 3*u + 53. Let v be (y/25)/((-1)/(-310)). Suppose 5*k = -2*c + 392, 4*k - 2*c - 204 = v. What is the units digit of k?
0
Suppose -17*y + 22*y - 3400 = 0. Suppose -2*k - 2370 = 5*n, 4*n - 2*k = 928 - 2806. Let q = n + y. What is the tens digit of q?
0
Suppose 77*x + 180936 = 105*x. What is the tens digit of x?
6
What is the units digit of (49/98)/(1/5468)?
4
Let v = 335 + -47. Suppose -v = -q + 543. What is the tens digit of q?
3
Suppose 7*k - k - 6684 = 30072. What is the thousands digit of k?
6
Let g be 2/(-5) + 39/(-15). Suppose 5*j - 3108 = 2*a, -4*j + 6*a + 2464 = 10*a. What is the units digit of j/6 + (g - 40/(-15))?
3
Suppose -k + 22746 = m, 90996 = -571*k + 575*k - 2*m. What is the tens digit of k?
4
What is the hundreds digit of 68/(-51)*122/(-8)*603/3?
0
Let r be ((-3062)/(-3))/(8/12). Let m(g) = 20*g**2 - 6*g + 21. Let c be m(5). Suppose -8*w = -r + c. What is the hundreds digit of w?
1
Suppose 5*u + 132 = 3*q + 776, u - 2*q = 133. Suppose c - 155 = -s + u, 5*c - 3*s = 1410. What is the hundreds digit of c?
2
Suppose 2*i - 20 + 12 = 0. Suppose -i*o = m - 2 - 161, -m = 3*o - 159. Suppose 5*z - 38 = -2*u + m, 4*u - 346 = -2*z. What is the units digit of u?
5
What is the units digit of (5889/15 + 2)*245/49?
3
Suppose 79 = -3*i - 38. Let v(g) = 4*g + 25. Let p be v(-1). Let t = p - i. What is the tens digit of t?
6
Let x be 6/((-24)/(-7180)) - -5. Suppose x = h + 4*h. What is the units digit of h?
0
Suppose -2*m - z + 23980 + 10780 = 0, 4 = 2*z. What is the hundreds digit of m?
3
Let a(k) = -k**2 + 7*k + 81. Let d be a(13). Suppose 4*p - 124 = -0*p + 2*m, 5*p = -d*m + 144. What is the units digit of p?
0
Suppose -3 = -3*y + 3*f - 21, 5*f - 10 = 0. Let m(o) = -4*o - 8. Let g be m(y). Suppose -5*b + g*b - 204 = 0. What is the tens digit of b?
6
Suppose -6*s + 5367 = -111. What is the units digit of s?
3
What is the thousands digit of (689205/21 - (-3)/((-252)/24))*1?
2
Suppose -112*x - 544544 = -200*x. What is the hundreds digit of x?
1
Let y(h) = -776*h + 251. Let b be y(-5). Let u = -2293 + b. What is the tens digit of u?
3
Suppose 4*b + f + 16 = 53, 5*f + 25 = b. Suppose 3*g = 12, 2*l + 2*g = b + 322. What is the hundreds digit of l?
1
Suppose 3*z + 99 = v, 278 + 189 = 5*v - z. Let i = v - 63. What is the units digit of (i/21)/((-2)/(-14))?
0
Let q(o) = -o + 11. Let i(r) be the third derivative of r**4/8 - 4*r**3/3 - 2*r**2. Let a be i(-4). What is the units digit of q(a)?
1
Let n be (-140)/(-15) - (-2)/(-6). Let s be (-33)/(-27) + (-2)/n. What is the hundreds digit of (s - (-1519)/(-21))/(2/(-3))?
1
Let o be (4 + 53/(-2))/(1/(-2)). Suppose 0 = -3*x + 243 - o. Suppose j = -2*h + 31, -4*h - 16 = -2*j - x. What is the units digit of h?
4
Suppose 10*g - 72016 = 101674. What is the thousands digit of g?
7
Let b be 2723/5 - (-51)/(-85). Suppose -b = -2*j + 272. What is the units digit of j?
8
Suppose 8289 = 21*c - 2873 - 346. What is the units digit of c?
8
Let g be 12/(-8)*4 + 4. Let x be g + -2 + (1 - -263). Suppose x = 16*v + 4. What is the tens digit of v?
1
Let g = -15 - -40. Suppose 2*b = 2*w + 3*w + g, 5*w + 35 = 4*b. Suppose 5*c - 2*c - 5*f - 130 = 0, b*c - f = 224. What is the tens digit of c?
4
Suppose -2863*m = -2823*m - 2377040. What is the ten thousands digit of m?
5
Let s = 6983 - 4109. Suppose -227*a = -233*a + s. What is the units digit of a?
9
Suppose -15 = 2*n + x, 24 = 2*n - 6*n + 4*x. Let p = 4 + n. What is the hundreds digit of (3*(-2)/p)/(12/618)?
1
Let o = -2466 + 4021. What is the units digit of o?
5
Suppose 0 = -3*p - 12, 0*h = 3*h + 2*p + 1160. What is the tens digit of 3/((-402)/h - 1)?
6
Let t be 6/(120/(-1972)) + 6/10. Let m = 455 + t. What is the tens digit of m?
5
Suppose 4*j + 4*w = 8 - 0, 3*j = 2*w + 6. Suppose -1770 = -j*m - 4*a, -3*m + 5*a = -545 - 2110. What is the units digit of m?
5
Suppose -25 = -5*g, 2*t + t - 2 = 5*g. Let l(o) = o**3 - 8*o**2 + 20*o - 6. What is the units digit of l(t)?
5
Let g be (35 + -15)*(-50)/(2/(-2)). Suppose -12*d = -8 - g. What is the tens digit of d?
8
Suppose 0 = a - 4*s - 83, 2*a - 3*s + 8 = 194. Suppose -56*c + 413 = -49*c. Let q = a - c. What is the tens digit of q?
4
Let p be (14/8)/((-7)/(-28)). Suppose -12*r - p*r + 114 = 0. What is the tens digit of 1 - (-1484)/r - 22/66?
4
Let q(f) = -4*f**2 + 4. Let c be q(0). What is the tens digit of ((-2 - c) + 7)*554/2?
7
Suppose 5*c = -3*g + 16518, 195*g + c = 193*g + 10998. What is the hundreds digit of g?
4
Let z be 0*(3 + -4 + 0). Suppose -i - 2 = -z*i. What is the units digit of (-2)/(i*2/10)?
5
Let r(k) = 4*k**3 + 3*k**2 + k - 47. What is the units digit of r(13)?
1
Suppose 5*o = -2*m - 3, -3*m + 6 = -2*o + 20. Let c be (6 + -6)/(0 - o). Suppose 4*p - 67 = 5*h, -3*p + 59 = 5*h - c. What is the units digit of p?
8
Let g(s) = 48*s**2 + 284*s + 3643. What is the hundreds digit of g(-13)?
0
Suppose -4*t + 4*z - 4676 = 0, 8*z - 2344 = 2*t + 3*z. What is the hundreds digit of (t/(-15))/((-6)/(-30))?
3
Suppose 9*z = -107 - 136. Let q(v) = -v**3 - 28*v**2 - 32*v + 50. What is the units digit of q(z)?
5
Suppose 0 = -9*p + 17888 + 15088. What is the tens digit of p?
6
Suppose -4*x = 3*s + 29, 4*s + 0*x = 2*x - 2. Let m be (1 + -4)*(-26)/s. Let p = m - -46. What is the units digit of p?
0
Suppose 240 = 3*k + 4*p, 400 = 5*k + p - 0*p. Suppose 3*x =